{"id":5782,"date":"2025-03-03T10:08:03","date_gmt":"2025-03-03T09:08:03","guid":{"rendered":"https:\/\/www.noe64.de\/shop\/?post_type=product&#038;p=5782"},"modified":"2025-03-05T07:32:37","modified_gmt":"2025-03-05T06:32:37","slug":"gina","status":"publish","type":"product","link":"https:\/\/www.noe64.de\/shop\/produkt\/gina\/","title":{"rendered":"Gina 2637"},"content":{"rendered":"<p>beige meliertes Echtleder <\/p>\n<p>silberne Beschl\u00e4ge <\/p>\n<p>Rei\u00dfverschluss<\/p>\n<p>Rei\u00dfverschlussfach auf der R\u00fcckseite<\/p>\n<p>Gurt 60 cm lang<\/p>\n<p>rosa Innenfutter mit 1 unterteilten Steckfach<\/p>\n<p>Weite 42 cm, H\u00f6he bis Mitte 24cm , gesamte H\u00f6he 39 cm<\/p>\n","protected":false},"excerpt":{"rendered":"<p>beige meliertes Echtleder silberne Beschl\u00e4ge Rei\u00dfverschluss Rei\u00dfverschlussfach auf der R\u00fcckseite Gurt 60 cm lang rosa Innenfutter mit 1 unterteilten Steckfach Weite 42 cm, H\u00f6he bis Mitte 24cm , gesamte H\u00f6he 39 cm<\/p>\n","protected":false},"featured_media":5783,"comment_status":"open","ping_status":"closed","template":"","meta":[],"product_brand":[],"product_cat":[122],"product_tag":[90,106,89],"class_list":{"0":"post-5782","1":"product","2":"type-product","3":"status-publish","4":"has-post-thumbnail","6":"product_cat-archiv","7":"product_tag-handtasche","8":"product_tag-henkeltaschen","9":"product_tag-tasche","11":"first","12":"outofstock","13":"featured","14":"sold-individually","15":"taxable","16":"shipping-taxable","17":"purchasable","18":"product-type-simple"},"_links":{"self":[{"href":"https:\/\/www.noe64.de\/shop\/wp-json\/wp\/v2\/product\/5782","targetHints":{"allow":["GET"]}}],"collection":[{"href":"https:\/\/www.noe64.de\/shop\/wp-json\/wp\/v2\/product"}],"about":[{"href":"https:\/\/www.noe64.de\/shop\/wp-json\/wp\/v2\/types\/product"}],"replies":[{"embeddable":true,"href":"https:\/\/www.noe64.de\/shop\/wp-json\/wp\/v2\/comments?post=5782"}],"wp:featuredmedia":[{"embeddable":true,"href":"https:\/\/www.noe64.de\/shop\/wp-json\/wp\/v2\/media\/5783"}],"wp:attachment":[{"href":"https:\/\/www.noe64.de\/shop\/wp-json\/wp\/v2\/media?parent=5782"}],"wp:term":[{"taxonomy":"product_brand","embeddable":true,"href":"https:\/\/www.noe64.de\/shop\/wp-json\/wp\/v2\/product_brand?post=5782"},{"taxonomy":"product_cat","embeddable":true,"href":"https:\/\/www.noe64.de\/shop\/wp-json\/wp\/v2\/product_cat?post=5782"},{"taxonomy":"product_tag","embeddable":true,"href":"https:\/\/www.noe64.de\/shop\/wp-json\/wp\/v2\/product_tag?post=5782"}],"curies":[{"name":"wp","href":"https:\/\/api.w.org\/{rel}","templated":true}]}}