{"id":5820,"date":"2025-03-10T13:34:33","date_gmt":"2025-03-10T12:34:33","guid":{"rendered":"https:\/\/www.noe64.de\/shop\/?post_type=product&#038;p=5820"},"modified":"2025-03-25T14:06:24","modified_gmt":"2025-03-25T13:06:24","slug":"gina-2640","status":"publish","type":"product","link":"https:\/\/www.noe64.de\/shop\/produkt\/gina-2640\/","title":{"rendered":"Gina 2640"},"content":{"rendered":"<p>altrosa Velour- Echtleder <\/p>\n<p>goldene Beschl\u00e4ge <\/p>\n<p>Rei\u00dfverschluss<\/p>\n<p>Rei\u00dfverschlussfach auf der R\u00fcckseite<\/p>\n<p>Gurt 60 cm lang<\/p>\n<p>blaues Innenfutter mit 1 unterteilten Steckfach<\/p>\n<p>Weite 42 cm, H\u00f6he bis Mitte 24cm , gesamte H\u00f6he 39 cm<\/p>\n","protected":false},"excerpt":{"rendered":"<p>altrosa Velour- Echtleder goldene Beschl\u00e4ge Rei\u00dfverschluss Rei\u00dfverschlussfach auf der R\u00fcckseite Gurt 60 cm lang blaues Innenfutter mit 1 unterteilten Steckfach Weite 42 cm, H\u00f6he bis Mitte 24cm , gesamte H\u00f6he 39 cm<\/p>\n","protected":false},"featured_media":5821,"comment_status":"open","ping_status":"closed","template":"","meta":[],"product_brand":[],"product_cat":[84],"product_tag":[90,106,89],"class_list":{"0":"post-5820","1":"product","2":"type-product","3":"status-publish","4":"has-post-thumbnail","6":"product_cat-handtaschen","7":"product_tag-handtasche","8":"product_tag-henkeltaschen","9":"product_tag-tasche","11":"first","12":"outofstock","13":"featured","14":"sold-individually","15":"taxable","16":"shipping-taxable","17":"purchasable","18":"product-type-simple"},"_links":{"self":[{"href":"https:\/\/www.noe64.de\/shop\/wp-json\/wp\/v2\/product\/5820","targetHints":{"allow":["GET"]}}],"collection":[{"href":"https:\/\/www.noe64.de\/shop\/wp-json\/wp\/v2\/product"}],"about":[{"href":"https:\/\/www.noe64.de\/shop\/wp-json\/wp\/v2\/types\/product"}],"replies":[{"embeddable":true,"href":"https:\/\/www.noe64.de\/shop\/wp-json\/wp\/v2\/comments?post=5820"}],"wp:featuredmedia":[{"embeddable":true,"href":"https:\/\/www.noe64.de\/shop\/wp-json\/wp\/v2\/media\/5821"}],"wp:attachment":[{"href":"https:\/\/www.noe64.de\/shop\/wp-json\/wp\/v2\/media?parent=5820"}],"wp:term":[{"taxonomy":"product_brand","embeddable":true,"href":"https:\/\/www.noe64.de\/shop\/wp-json\/wp\/v2\/product_brand?post=5820"},{"taxonomy":"product_cat","embeddable":true,"href":"https:\/\/www.noe64.de\/shop\/wp-json\/wp\/v2\/product_cat?post=5820"},{"taxonomy":"product_tag","embeddable":true,"href":"https:\/\/www.noe64.de\/shop\/wp-json\/wp\/v2\/product_tag?post=5820"}],"curies":[{"name":"wp","href":"https:\/\/api.w.org\/{rel}","templated":true}]}}