{"id":6651,"date":"2025-09-22T13:12:25","date_gmt":"2025-09-22T11:12:25","guid":{"rendered":"https:\/\/www.noe64.de\/shop\/?post_type=product&#038;p=6651"},"modified":"2026-01-20T16:39:51","modified_gmt":"2026-01-20T15:39:51","slug":"cameron-2695","status":"publish","type":"product","link":"https:\/\/www.noe64.de\/shop\/produkt\/cameron-2695\/","title":{"rendered":"Babra 2695"},"content":{"rendered":"<p>dunkelblaues Echtleder in Krokooptik <\/p>\n<p>goldene Beschl\u00e4ge <\/p>\n<p>Ledergriffe 38 cm lang<\/p>\n<p>verstellbarer Gurt<\/p>\n<p>Bodenf\u00fc\u00dfchen<\/p>\n<p>blaues Innenfutter mit 1 Steckfach<\/p>\n<p>Weite 24 cm, H\u00f6he 21 cm Tiefe 16 cm<\/p>\n","protected":false},"excerpt":{"rendered":"<p>dunkelblaues Echtleder in Krokooptik goldene Beschl\u00e4ge Ledergriffe 38 cm lang verstellbarer Gurt Bodenf\u00fc\u00dfchen blaues Innenfutter mit 1 Steckfach Weite 24 cm, H\u00f6he 21 cm Tiefe 16 cm<\/p>\n","protected":false},"featured_media":7102,"comment_status":"open","ping_status":"closed","template":"","meta":[],"product_brand":[],"product_cat":[84,95,97,94],"product_tag":[90,106,89],"class_list":{"0":"post-6651","1":"product","2":"type-product","3":"status-publish","4":"has-post-thumbnail","6":"product_cat-handtaschen","7":"product_cat-henkeltaschen","8":"product_cat-shopper","9":"product_cat-umhaengetaschen","10":"product_tag-handtasche","11":"product_tag-henkeltaschen","12":"product_tag-tasche","14":"first","15":"instock","16":"featured","17":"sold-individually","18":"taxable","19":"shipping-taxable","20":"purchasable","21":"product-type-simple"},"_links":{"self":[{"href":"https:\/\/www.noe64.de\/shop\/wp-json\/wp\/v2\/product\/6651","targetHints":{"allow":["GET"]}}],"collection":[{"href":"https:\/\/www.noe64.de\/shop\/wp-json\/wp\/v2\/product"}],"about":[{"href":"https:\/\/www.noe64.de\/shop\/wp-json\/wp\/v2\/types\/product"}],"replies":[{"embeddable":true,"href":"https:\/\/www.noe64.de\/shop\/wp-json\/wp\/v2\/comments?post=6651"}],"wp:featuredmedia":[{"embeddable":true,"href":"https:\/\/www.noe64.de\/shop\/wp-json\/wp\/v2\/media\/7102"}],"wp:attachment":[{"href":"https:\/\/www.noe64.de\/shop\/wp-json\/wp\/v2\/media?parent=6651"}],"wp:term":[{"taxonomy":"product_brand","embeddable":true,"href":"https:\/\/www.noe64.de\/shop\/wp-json\/wp\/v2\/product_brand?post=6651"},{"taxonomy":"product_cat","embeddable":true,"href":"https:\/\/www.noe64.de\/shop\/wp-json\/wp\/v2\/product_cat?post=6651"},{"taxonomy":"product_tag","embeddable":true,"href":"https:\/\/www.noe64.de\/shop\/wp-json\/wp\/v2\/product_tag?post=6651"}],"curies":[{"name":"wp","href":"https:\/\/api.w.org\/{rel}","templated":true}]}}