{"id":6792,"date":"2025-11-04T16:53:22","date_gmt":"2025-11-04T15:53:22","guid":{"rendered":"https:\/\/www.noe64.de\/shop\/?post_type=product&#038;p=6792"},"modified":"2026-01-19T17:10:59","modified_gmt":"2026-01-19T16:10:59","slug":"lauren-2706","status":"publish","type":"product","link":"https:\/\/www.noe64.de\/shop\/produkt\/lauren-2706\/","title":{"rendered":"Lauren 2706"},"content":{"rendered":"<p>lindgr\u00fcnes Echtleder <\/p>\n<p>goldene Beschl\u00e4ge <\/p>\n<p>Klappe mir Klappverschluss<\/p>\n<p>Ledergriff 38 cm lang<\/p>\n<p>verstellbarer Gurt<\/p>\n<p>gr\u00fcnes Innenfutter mit 1 Steckfach<\/p>\n<p>Weite 251 cm, H\u00f6he 15 cm Tiefe 12 cm<\/p>\n","protected":false},"excerpt":{"rendered":"<p>lindgr\u00fcnes Echtleder goldene Beschl\u00e4ge Klappe mir Klappverschluss Ledergriff 38 cm lang verstellbarer Gurt gr\u00fcnes Innenfutter mit 1 Steckfach Weite 251 cm, H\u00f6he 15 cm Tiefe 12 cm<\/p>\n","protected":false},"featured_media":7077,"comment_status":"open","ping_status":"closed","template":"","meta":[],"product_brand":[],"product_cat":[84,95,94],"product_tag":[90,106,89],"class_list":{"0":"post-6792","1":"product","2":"type-product","3":"status-publish","4":"has-post-thumbnail","6":"product_cat-handtaschen","7":"product_cat-henkeltaschen","8":"product_cat-umhaengetaschen","9":"product_tag-handtasche","10":"product_tag-henkeltaschen","11":"product_tag-tasche","13":"first","14":"instock","15":"featured","16":"sold-individually","17":"taxable","18":"shipping-taxable","19":"purchasable","20":"product-type-simple"},"_links":{"self":[{"href":"https:\/\/www.noe64.de\/shop\/wp-json\/wp\/v2\/product\/6792","targetHints":{"allow":["GET"]}}],"collection":[{"href":"https:\/\/www.noe64.de\/shop\/wp-json\/wp\/v2\/product"}],"about":[{"href":"https:\/\/www.noe64.de\/shop\/wp-json\/wp\/v2\/types\/product"}],"replies":[{"embeddable":true,"href":"https:\/\/www.noe64.de\/shop\/wp-json\/wp\/v2\/comments?post=6792"}],"wp:featuredmedia":[{"embeddable":true,"href":"https:\/\/www.noe64.de\/shop\/wp-json\/wp\/v2\/media\/7077"}],"wp:attachment":[{"href":"https:\/\/www.noe64.de\/shop\/wp-json\/wp\/v2\/media?parent=6792"}],"wp:term":[{"taxonomy":"product_brand","embeddable":true,"href":"https:\/\/www.noe64.de\/shop\/wp-json\/wp\/v2\/product_brand?post=6792"},{"taxonomy":"product_cat","embeddable":true,"href":"https:\/\/www.noe64.de\/shop\/wp-json\/wp\/v2\/product_cat?post=6792"},{"taxonomy":"product_tag","embeddable":true,"href":"https:\/\/www.noe64.de\/shop\/wp-json\/wp\/v2\/product_tag?post=6792"}],"curies":[{"name":"wp","href":"https:\/\/api.w.org\/{rel}","templated":true}]}}