{"id":7187,"date":"2026-02-03T16:54:29","date_gmt":"2026-02-03T15:54:29","guid":{"rendered":"https:\/\/www.noe64.de\/shop\/?post_type=product&#038;p=7187"},"modified":"2026-02-04T13:57:05","modified_gmt":"2026-02-04T12:57:05","slug":"sophia-small-2743","status":"publish","type":"product","link":"https:\/\/www.noe64.de\/shop\/produkt\/sophia-small-2743\/","title":{"rendered":"Sophia small 2743"},"content":{"rendered":"<p>wei\u00dfes  Echtleder in Flechtoptik <\/p>\n<p>beiges Innenfutter <\/p>\n<p>Fransenanh\u00e4nger<\/p>\n<p>Rei\u00dfverschluss<\/p>\n<p>verstellbarer Gurt<\/p>\n<p>20 cm breit x 10 cm H\u00f6he x 10 cm Tiefe<\/p>\n","protected":false},"excerpt":{"rendered":"<p>wei\u00dfes Echtleder in Flechtoptik beiges Innenfutter Fransenanh\u00e4nger Rei\u00dfverschluss verstellbarer Gurt 20 cm breit x 10 cm H\u00f6he x 10 cm Tiefe<\/p>\n","protected":false},"featured_media":7184,"comment_status":"open","ping_status":"closed","template":"","meta":[],"product_brand":[],"product_cat":[122],"product_tag":[88,89],"class_list":{"0":"post-7187","1":"product","2":"type-product","3":"status-publish","4":"has-post-thumbnail","6":"product_cat-archiv","7":"product_tag-fahrrad","8":"product_tag-tasche","10":"first","11":"outofstock","12":"sold-individually","13":"taxable","14":"shipping-taxable","15":"purchasable","16":"product-type-simple"},"_links":{"self":[{"href":"https:\/\/www.noe64.de\/shop\/wp-json\/wp\/v2\/product\/7187","targetHints":{"allow":["GET"]}}],"collection":[{"href":"https:\/\/www.noe64.de\/shop\/wp-json\/wp\/v2\/product"}],"about":[{"href":"https:\/\/www.noe64.de\/shop\/wp-json\/wp\/v2\/types\/product"}],"replies":[{"embeddable":true,"href":"https:\/\/www.noe64.de\/shop\/wp-json\/wp\/v2\/comments?post=7187"}],"wp:featuredmedia":[{"embeddable":true,"href":"https:\/\/www.noe64.de\/shop\/wp-json\/wp\/v2\/media\/7184"}],"wp:attachment":[{"href":"https:\/\/www.noe64.de\/shop\/wp-json\/wp\/v2\/media?parent=7187"}],"wp:term":[{"taxonomy":"product_brand","embeddable":true,"href":"https:\/\/www.noe64.de\/shop\/wp-json\/wp\/v2\/product_brand?post=7187"},{"taxonomy":"product_cat","embeddable":true,"href":"https:\/\/www.noe64.de\/shop\/wp-json\/wp\/v2\/product_cat?post=7187"},{"taxonomy":"product_tag","embeddable":true,"href":"https:\/\/www.noe64.de\/shop\/wp-json\/wp\/v2\/product_tag?post=7187"}],"curies":[{"name":"wp","href":"https:\/\/api.w.org\/{rel}","templated":true}]}}