{"id":7262,"date":"2026-03-08T10:08:01","date_gmt":"2026-03-08T09:08:01","guid":{"rendered":"https:\/\/www.noe64.de\/shop\/?post_type=product&#038;p=7262"},"modified":"2026-03-14T19:49:43","modified_gmt":"2026-03-14T18:49:43","slug":"eve-2749","status":"publish","type":"product","link":"https:\/\/www.noe64.de\/shop\/produkt\/eve-2749\/","title":{"rendered":"Eve 2749"},"content":{"rendered":"<p>beiges und braunes Kalbs-Echtleder<\/p>\n<p>goldene Beschl\u00e4ge<\/p>\n<p>Lederstrippen mit Drehverschluss<\/p>\n<p>curryfarbenes Echtlederfutter <\/p>\n<p>abnehmbares Leder-Innent\u00e4schchen mit Rei\u00dfverschluss<\/p>\n<p>verst\u00e4rkter Boden mit Schmutzf\u00fc\u00dfchen<\/p>\n<p>Griffl\u00e4nge 30 cm <\/p>\n<p>verstellbarer Tr\u00e4gergurt<\/p>\n<p>Magnetverschluss<\/p>\n<p>Weite 24 cm, H\u00f6he 16 cm Tiefe 12 cm<\/p>\n","protected":false},"excerpt":{"rendered":"<p>beiges und braunes Kalbs-Echtleder goldene Beschl\u00e4ge Lederstrippen mit Drehverschluss curryfarbenes Echtlederfutter abnehmbares Leder-Innent\u00e4schchen mit Rei\u00dfverschluss verst\u00e4rkter Boden mit Schmutzf\u00fc\u00dfchen Griffl\u00e4nge 30 cm verstellbarer Tr\u00e4gergurt Magnetverschluss Weite 24 cm, H\u00f6he 16 cm Tiefe 12 cm<\/p>\n","protected":false},"featured_media":7272,"comment_status":"open","ping_status":"closed","template":"","meta":[],"product_brand":[],"product_cat":[100,122,94],"product_tag":[90,106,89],"class_list":{"0":"post-7262","1":"product","2":"type-product","3":"status-publish","4":"has-post-thumbnail","6":"product_cat-accessoires","7":"product_cat-archiv","8":"product_cat-umhaengetaschen","9":"product_tag-handtasche","10":"product_tag-henkeltaschen","11":"product_tag-tasche","13":"first","14":"outofstock","15":"featured","16":"sold-individually","17":"taxable","18":"shipping-taxable","19":"purchasable","20":"product-type-simple"},"_links":{"self":[{"href":"https:\/\/www.noe64.de\/shop\/wp-json\/wp\/v2\/product\/7262","targetHints":{"allow":["GET"]}}],"collection":[{"href":"https:\/\/www.noe64.de\/shop\/wp-json\/wp\/v2\/product"}],"about":[{"href":"https:\/\/www.noe64.de\/shop\/wp-json\/wp\/v2\/types\/product"}],"replies":[{"embeddable":true,"href":"https:\/\/www.noe64.de\/shop\/wp-json\/wp\/v2\/comments?post=7262"}],"wp:featuredmedia":[{"embeddable":true,"href":"https:\/\/www.noe64.de\/shop\/wp-json\/wp\/v2\/media\/7272"}],"wp:attachment":[{"href":"https:\/\/www.noe64.de\/shop\/wp-json\/wp\/v2\/media?parent=7262"}],"wp:term":[{"taxonomy":"product_brand","embeddable":true,"href":"https:\/\/www.noe64.de\/shop\/wp-json\/wp\/v2\/product_brand?post=7262"},{"taxonomy":"product_cat","embeddable":true,"href":"https:\/\/www.noe64.de\/shop\/wp-json\/wp\/v2\/product_cat?post=7262"},{"taxonomy":"product_tag","embeddable":true,"href":"https:\/\/www.noe64.de\/shop\/wp-json\/wp\/v2\/product_tag?post=7262"}],"curies":[{"name":"wp","href":"https:\/\/api.w.org\/{rel}","templated":true}]}}