{"id":7392,"date":"2026-04-07T10:51:24","date_gmt":"2026-04-07T08:51:24","guid":{"rendered":"https:\/\/www.noe64.de\/shop\/?post_type=product&#038;p=7392"},"modified":"2026-04-07T10:56:35","modified_gmt":"2026-04-07T08:56:35","slug":"eve-2760","status":"publish","type":"product","link":"https:\/\/www.noe64.de\/shop\/produkt\/eve-2760\/","title":{"rendered":"Eve 2760"},"content":{"rendered":"<p>braunes Kalbsleder kombiniert mit Velourkalbsleder in Leooptik<\/p>\n<p>goldene Beschl\u00e4ge<\/p>\n<p>Lederstrippen mit Drehverschluss<\/p>\n<p>blaues Echtlederfutter <\/p>\n<p>abnehmbares Innentaschche mit Rei\u00dfverschluss<\/p>\n<p>verst\u00e4rkter Boden mit Schmutzf\u00fc\u00dfchen<\/p>\n<p>Griffl\u00e4nge 30 cm <\/p>\n<p>verstellbarer Tr\u00e4gergurt<\/p>\n<p>Magnetverschluss<\/p>\n<p>Weite 24 cm, H\u00f6he 16 cm Tiefe 12 cm<\/p>\n","protected":false},"excerpt":{"rendered":"<p>braunes Kalbsleder kombiniert mit Velourkalbsleder in Leooptik goldene Beschl\u00e4ge Lederstrippen mit Drehverschluss blaues Echtlederfutter abnehmbares Innentaschche mit Rei\u00dfverschluss verst\u00e4rkter Boden mit Schmutzf\u00fc\u00dfchen Griffl\u00e4nge 30 cm verstellbarer Tr\u00e4gergurt Magnetverschluss Weite 24 cm, H\u00f6he 16 cm Tiefe 12 cm<\/p>\n","protected":false},"featured_media":7389,"comment_status":"open","ping_status":"closed","template":"","meta":[],"product_brand":[],"product_cat":[98,84,95,94],"product_tag":[90,106,89],"class_list":{"0":"post-7392","1":"product","2":"type-product","3":"status-publish","4":"has-post-thumbnail","6":"product_cat-abendhandtaschen","7":"product_cat-handtaschen","8":"product_cat-henkeltaschen","9":"product_cat-umhaengetaschen","10":"product_tag-handtasche","11":"product_tag-henkeltaschen","12":"product_tag-tasche","14":"first","15":"instock","16":"featured","17":"sold-individually","18":"taxable","19":"shipping-taxable","20":"purchasable","21":"product-type-simple"},"_links":{"self":[{"href":"https:\/\/www.noe64.de\/shop\/wp-json\/wp\/v2\/product\/7392","targetHints":{"allow":["GET"]}}],"collection":[{"href":"https:\/\/www.noe64.de\/shop\/wp-json\/wp\/v2\/product"}],"about":[{"href":"https:\/\/www.noe64.de\/shop\/wp-json\/wp\/v2\/types\/product"}],"replies":[{"embeddable":true,"href":"https:\/\/www.noe64.de\/shop\/wp-json\/wp\/v2\/comments?post=7392"}],"wp:featuredmedia":[{"embeddable":true,"href":"https:\/\/www.noe64.de\/shop\/wp-json\/wp\/v2\/media\/7389"}],"wp:attachment":[{"href":"https:\/\/www.noe64.de\/shop\/wp-json\/wp\/v2\/media?parent=7392"}],"wp:term":[{"taxonomy":"product_brand","embeddable":true,"href":"https:\/\/www.noe64.de\/shop\/wp-json\/wp\/v2\/product_brand?post=7392"},{"taxonomy":"product_cat","embeddable":true,"href":"https:\/\/www.noe64.de\/shop\/wp-json\/wp\/v2\/product_cat?post=7392"},{"taxonomy":"product_tag","embeddable":true,"href":"https:\/\/www.noe64.de\/shop\/wp-json\/wp\/v2\/product_tag?post=7392"}],"curies":[{"name":"wp","href":"https:\/\/api.w.org\/{rel}","templated":true}]}}